{"id":564,"date":"2022-04-01T11:57:07","date_gmt":"2022-04-01T09:57:07","guid":{"rendered":"http:\/\/harasderwydd.com\/?page_id=564"},"modified":"2023-01-05T19:47:06","modified_gmt":"2023-01-05T18:47:06","slug":"ingrid","status":"publish","type":"page","link":"https:\/\/harasderwydd.com\/index.php\/ingrid\/","title":{"rendered":"Ingrid"},"content":{"rendered":"\n<div class=\"wp-block-columns is-layout-flex wp-container-core-columns-is-layout-9d6595d7 wp-block-columns-is-layout-flex\">\n<div class=\"wp-block-column is-layout-flow wp-block-column-is-layout-flow\" style=\"flex-basis:300px\"><div class=\"wp-block-image is-style-rounded\">\n<figure class=\"aligncenter size-medium\"><img loading=\"lazy\" decoding=\"async\" width=\"300\" height=\"298\" src=\"http:\/\/harasderwydd.com\/wp-content\/uploads\/2022\/04\/IMG_1734-300x298.jpg\" alt=\"\" class=\"wp-image-540\" srcset=\"https:\/\/harasderwydd.com\/wp-content\/uploads\/2022\/04\/IMG_1734-300x298.jpg 300w, https:\/\/harasderwydd.com\/wp-content\/uploads\/2022\/04\/IMG_1734-1024x1018.jpg 1024w, https:\/\/harasderwydd.com\/wp-content\/uploads\/2022\/04\/IMG_1734-150x150.jpg 150w, https:\/\/harasderwydd.com\/wp-content\/uploads\/2022\/04\/IMG_1734-768x764.jpg 768w, https:\/\/harasderwydd.com\/wp-content\/uploads\/2022\/04\/IMG_1734.jpg 1302w\" sizes=\"auto, (max-width: 300px) 100vw, 300px\" \/><\/figure>\n<\/div><\/div>\n\n\n\n<div class=\"wp-block-column is-layout-flow wp-block-column-is-layout-flow\" style=\"flex-basis:100%\">\n<p class=\"has-text-color\" style=\"color:#82bb25;font-size:17px\"><strong>Je m&rsquo;appelle Ingrid, j&rsquo;ai cr\u00e9\u00e9 le Haras Derwydd, sp\u00e9cialis\u00e9 sur le mental du cheval, du cavalier et du couple&nbsp;<\/strong><\/p>\n\n\n\n<p style=\"font-size:17px\">Tout au long de mon parcours d\u2019Entrepreneur mais aussi de Cavali\u00e8res, j\u2019ai pu exp\u00e9rimenter \u00e0 quel point le mental jouait un r\u00f4le d\u00e9terminant dans l\u2019atteinte des objectifs, dans la performance, dans la capacit\u00e9 \u00e0 progresser et prendre plaisir dans sa pratique.<\/p>\n\n\n\n<p style=\"font-size:17px\">J&rsquo;ai \u00e0 coeur que chaque couple trouve un espace de bien-\u00eatre et de progr\u00e8s dans la relation avec son cheval. <\/p>\n\n\n\n<p style=\"font-size:17px\">Car nous sommes bien d&rsquo;accord, un mental clair, d\u00e9termin\u00e9 et serein augmente la performance et le bien-\u00eatre du sportif, cheval comme cavalier !<\/p>\n\n\n\n<p style=\"font-size:17px\">Nos \u00e9curies sont ouvertes aux cavaliers qui souhaitent trouver un poulain ou jeune cheval avec un excellent mental et r\u00e9pondant \u00e0 leurs objectifs sportifs.<\/p>\n\n\n\n<p style=\"font-size:17px\">Nous accueillons \u00e9galement les couples qui souhaitent progresser et d\u00e9passer leurs limites actuelles !<\/p>\n<\/div>\n<\/div>\n\n\n\n<p class=\"has-text-color has-medium-font-size\" style=\"color:#82bb25\"><strong>Voici en quelques lignes mon parcours&nbsp;!&nbsp;<\/strong><\/p>\n\n\n\n<p style=\"font-size:17px\">J\u2019ai cr\u00e9\u00e9 ma soci\u00e9t\u00e9 juste apr\u00e8s une \u00e9cole d\u2019ing\u00e9nieur. Une aventure v\u00e9ritablement passionnante mais aussi stressante, qui nous met face aux \u00e9motions les plus vives, notamment lors des difficult\u00e9s o\u00f9 la vie de l\u2019entreprise est en jeu mais aussi la pression de g\u00e9n\u00e9rer de la croissance et des r\u00e9sultats pour soi comme pour les investisseurs.&nbsp;<\/p>\n\n\n\n<p style=\"font-size:17px\">En 2016, alors que le d\u00e9veloppement de la soci\u00e9t\u00e9 battait son plein (introduction en bourse de la soci\u00e9t\u00e9), les chevaux ont resurgi dans ma vie&nbsp;! J\u2019avais besoin de renouer avec la nature,&nbsp;le sport, ma passion&nbsp;\u2026. Mais aussi de trouver un espace \u00e0 moi, un espace de bien-\u00eatre et de r\u00e9alisation.<\/p>\n\n\n\n<p style=\"font-size:17px\">J\u2019ai rachet\u00e9 des chevaux et&nbsp;repris la comp\u00e9tition. Avec l\u2019une des juments, d\u2019un bon niveau, mais extr\u00eamement sensible, nous \u00e9voluions bien \u00e0 l\u2019entrainement mais c\u2019\u00e9tait une catastrophe en comp\u00e9tition. Je voyais alors mes objectifs s\u2019\u00e9loigner&nbsp;peu \u00e0 peu laissant place \u00e0 la frustration et la d\u00e9ception\u2026&nbsp;Je me sentais bloqu\u00e9e\u2026 dans une impasse.&nbsp;Je&nbsp;percevais n\u00e9anmoins&nbsp;que le probl\u00e8me ne r\u00e9sidait pas dans la technique mais dans la t\u00eate, le MENTAL ! le mien comme celui de ma jument. Elle absorbait mes \u00e9motions, mon \u00e9nergie, le stress comme une \u00e9ponge ! mais elle-m\u00eame avait \u00e9t\u00e9 conditionn\u00e9e dans son \u00e9volution pass\u00e9e \u00e0 des r\u00e9ponses que je ne souhaitais pas.<\/p>\n\n\n\n<p style=\"font-size:17px\">J\u2019ai alors d\u00e9cid\u00e9 de travailler sp\u00e9cifiquement sur \u00ab\u00a0notre\u00a0\u00bb mental, sur ma capacit\u00e9 \u00e0 g\u00e9rer les \u00e9motions mais aussi&nbsp;comprendre ma jument, son mode d\u2019apprentissage afin de former un duo bas\u00e9 sur la&nbsp;confiance, le respect, la finesse et la justesse des \u00e9changes.<\/p>\n\n\n\n<p style=\"font-size:17px\">Il faut dire que j\u2019avais d\u00e9j\u00e0 en poche une certification d\u2019accompagnement par la Gestalt, une th\u00e9rapie prenant en compte l\u2019individu dans sa globalit\u00e9 et travaillant \u00e0 fluidifier notre relation avec l\u2019environnement, avec les autres, avec notre cheval&nbsp;!&nbsp;<strong>La relation<\/strong>&nbsp;est un processus n\u00e9cessitant un ajustement dans l&rsquo;\u00e9change et g\u00e9n\u00e8re pour chacun progr\u00e8s et bien-\u00eatre.<\/p>\n\n\n\n<p style=\"font-size:17px\">J\u2019ai continu\u00e9 \u00e0 me perfectionner et me suis form\u00e9e \u00e0 l\u2019universit\u00e9 de Sport de Lille (STAPS) en suivant le DU \u00ab\u00a0Pr\u00e9paration mentale et psychologie du sportif\u00a0\u00bb, ainsi qu\u2019\u00e0 l&rsquo;\u00e9quitation \u00e9thologique (Haras de la Cense, Andy Booth).\u00a0<\/p>\n\n\n\n<p style=\"font-size:17px\">Ce travail sur \u00ab\u00a0notre\u00a0\u00bb mental a tr\u00e8s bien fonctionn\u00e9 et nous avons repris le chemin du progr\u00e8s et de la performance mais surtout du plaisir&nbsp;\u00e0 concourir ensemble&nbsp;!&nbsp;Enfin je vivais pleinement la joie de travailler en collaboration avec ma jument, de la sentir et de me sentir progresser&nbsp;! de partager ces moments avec mes amies et ma famille&nbsp;<\/p>\n\n\n\n<p style=\"font-size:17px\">Cela a \u00e9t\u00e9 une r\u00e9v\u00e9lation pour moi\u00a0! j\u2019ai compris \u00e0 quel point le travail sur notre mental,\u00a0celui du cavalier et du cheval est primordial ! fondamental et n\u00e9cessaire dans l\u2019atteinte des objectifs, dans la performance mais aussi dans notre capacit\u00e9 \u00e0 progresser et prendre plaisir \u00e0 cheval !<\/p>\n\n\n\n<p style=\"font-size:17px\">J&rsquo;ai d\u00e9cid\u00e9 de sp\u00e9cialiser mon \u00e9curie sur la gestion du mental, du cheval, du cavalier et du couple. A commencer par l&rsquo;\u00e9levage de chevaux pr\u00e9dispos\u00e9 g\u00e9n\u00e9tiquement et ensuite \u00e9duqu\u00e9 \u00e0 un mental confiant, respectueux, \u00e0 l&rsquo;\u00e9coute de l&rsquo;Homme mais \u00e9galement impliqu\u00e9 dans son travail avec l&rsquo;envie de bien faire. Un duo dans le travail comme en comp\u00e9tition !<\/p>\n\n\n\n<ul class=\"wp-block-list\">\n<li>Nous produisons des chevaux s\u00e9lectionn\u00e9s pour l&rsquo;excellence de leur mental&nbsp;et leur aptitude \u00e0 l&rsquo;obstacle<\/li>\n\n\n\n<li>Nous \u00e9duquons et conditionnons le mental des poulains et jeunes chevaux tout en les pr\u00e9parant au sport<\/li>\n\n\n\n<li>Notre \u00e9curie propose un mode de Vie pour les chevaux au plus proche de leurs besoins fondamentaux, favorisant leur bien-\u00eatre et leur disponibilit\u00e9 physique et mental<\/li>\n\n\n\n<li>Nous accompagnons le mental du cavalier, qui, mal g\u00e9r\u00e9 peut le bloquer, le frustrer et l&#8217;emp\u00eacher d&rsquo;atteindre ses objectifs avec son cheval&nbsp;<\/li>\n\n\n\n<li>Nous entra\u00eenons le mental du couple \u00e0 former un duo bas\u00e9\u00a0sur la confiance, le respect, la sensibilit\u00e9 dans les \u00e9changes mais \u00e9galement la d\u00e9termination et l&rsquo;envie de bien faire<\/li>\n<\/ul>\n","protected":false},"excerpt":{"rendered":"<p>Je m&rsquo;appelle Ingrid, j&rsquo;ai cr\u00e9\u00e9 le Haras Derwydd, sp\u00e9cialis\u00e9 sur le mental du cheval, du cavalier et du couple&nbsp; Tout au long de mon parcours d\u2019Entrepreneur mais aussi de Cavali\u00e8res, j\u2019ai pu exp\u00e9rimenter \u00e0 quel point le mental jouait un<\/p>\n","protected":false},"author":1,"featured_media":0,"parent":0,"menu_order":0,"comment_status":"closed","ping_status":"closed","template":"","meta":{"footnotes":""},"class_list":["post-564","page","type-page","status-publish","hentry"],"_links":{"self":[{"href":"https:\/\/harasderwydd.com\/index.php\/wp-json\/wp\/v2\/pages\/564","targetHints":{"allow":["GET"]}}],"collection":[{"href":"https:\/\/harasderwydd.com\/index.php\/wp-json\/wp\/v2\/pages"}],"about":[{"href":"https:\/\/harasderwydd.com\/index.php\/wp-json\/wp\/v2\/types\/page"}],"author":[{"embeddable":true,"href":"https:\/\/harasderwydd.com\/index.php\/wp-json\/wp\/v2\/users\/1"}],"replies":[{"embeddable":true,"href":"https:\/\/harasderwydd.com\/index.php\/wp-json\/wp\/v2\/comments?post=564"}],"version-history":[{"count":20,"href":"https:\/\/harasderwydd.com\/index.php\/wp-json\/wp\/v2\/pages\/564\/revisions"}],"predecessor-version":[{"id":988,"href":"https:\/\/harasderwydd.com\/index.php\/wp-json\/wp\/v2\/pages\/564\/revisions\/988"}],"wp:attachment":[{"href":"https:\/\/harasderwydd.com\/index.php\/wp-json\/wp\/v2\/media?parent=564"}],"curies":[{"name":"wp","href":"https:\/\/api.w.org\/{rel}","templated":true}]}}