{"id":68,"date":"2022-02-22T16:23:51","date_gmt":"2022-02-22T15:23:51","guid":{"rendered":"http:\/\/harasderwydd.com\/?page_id=68"},"modified":"2022-07-28T09:40:15","modified_gmt":"2022-07-28T07:40:15","slug":"stage","status":"publish","type":"page","link":"https:\/\/harasderwydd.com\/index.php\/stage\/","title":{"rendered":"Coaching"},"content":{"rendered":"\n<figure class=\"wp-block-image alignwide size-full\"><img loading=\"lazy\" decoding=\"async\" width=\"1024\" height=\"60\" src=\"http:\/\/harasderwydd.com\/wp-content\/uploads\/2022\/04\/Haut-2.png\" alt=\"\" class=\"wp-image-639\" srcset=\"https:\/\/harasderwydd.com\/wp-content\/uploads\/2022\/04\/Haut-2.png 1024w, https:\/\/harasderwydd.com\/wp-content\/uploads\/2022\/04\/Haut-2-300x18.png 300w, https:\/\/harasderwydd.com\/wp-content\/uploads\/2022\/04\/Haut-2-768x45.png 768w\" sizes=\"auto, (max-width: 1024px) 100vw, 1024px\" \/><\/figure>\n\n\n\n<p class=\"has-text-align-center has-text-color\" style=\"color:#82bb25;font-size:30px\"><strong>CONNAISSEZ-VOUS LA PLACE DU MENTAL DANS  VOTRE REUSSITE?<\/strong><\/p>\n\n\n\n<div style=\"height:20px\" aria-hidden=\"true\" class=\"wp-block-spacer\"><\/div>\n\n\n\n<p class=\"has-text-align-center\" style=\"font-size:17px\"><strong>Savez-vous ce que vous engagez dans la relation avec votre cheval (\u00e9motions, stress, mouvements, raideurs, croyances, \u2026) ? <\/strong><\/p>\n\n\n\n<p class=\"has-text-align-center\" style=\"font-size:17px\"><strong>Percevez-vous ce que votre cheval vous communique (demandes, impulsion, tension, inqui\u00e9tude, \u2026)&nbsp;? <\/strong><\/p>\n\n\n\n<p class=\"has-text-align-center has-text-color has-medium-font-size\" style=\"color:#82bb25\"><strong>Quels que soient votre discipline, vos objectifs ou votre niveau<\/strong><\/p>\n\n\n\n<p class=\"has-text-align-center has-text-color has-medium-font-size\" style=\"color:#82bb25\"><strong> le c\u0153ur de notre sport se situe dans l\u2019espace cr\u00e9\u00e9 avec notre cheval, la relation&nbsp;!<\/strong><\/p>\n\n\n\n<div style=\"height:20px\" aria-hidden=\"true\" class=\"wp-block-spacer\"><\/div>\n\n\n\n<div class=\"wp-block-columns is-layout-flex wp-container-core-columns-is-layout-9d6595d7 wp-block-columns-is-layout-flex\">\n<div class=\"wp-block-column is-layout-flow wp-block-column-is-layout-flow\">\n<figure class=\"wp-block-image size-full is-style-default\"><img decoding=\"async\" src=\"http:\/\/harasderwydd.com\/wp-content\/uploads\/2022\/02\/Coaching_1.png\" alt=\"\" class=\"wp-image-122\"\/><\/figure>\n\n\n\n<p class=\"has-text-align-center has-text-color\" style=\"color:#282828;font-size:17px\"><strong>Vous \u00eates d\u00e9stabilis\u00e9 par le regard des autres?<\/strong><\/p>\n\n\n\n<div class=\"wp-block-buttons is-layout-flex wp-block-buttons-is-layout-flex\">\n<div class=\"wp-block-button has-custom-font-size is-style-fill\" style=\"font-size:17px\"><a class=\"wp-block-button__link has-white-color has-text-color has-background\" href=\"#Formulecoaching\" style=\"border-radius:100px;background-color:#82bb25\">J&rsquo;apprends \u00e0 avoir confiance en moi<\/a><\/div>\n<\/div>\n\n\n\n<div style=\"height:50px\" aria-hidden=\"true\" class=\"wp-block-spacer\"><\/div>\n<\/div>\n\n\n\n<div class=\"wp-block-column is-layout-flow wp-block-column-is-layout-flow\">\n<figure class=\"wp-block-image size-full\"><img decoding=\"async\" src=\"http:\/\/harasderwydd.com\/wp-content\/uploads\/2022\/02\/Coaching_2.png\" alt=\"\" class=\"wp-image-126\"\/><\/figure>\n\n\n\n<p class=\"has-text-align-center has-text-color\" style=\"color:#282828;font-size:17px\"><strong>Vous avez peur de sauter? Peur de tomber?<\/strong><\/p>\n\n\n\n<div class=\"wp-block-buttons is-layout-flex wp-block-buttons-is-layout-flex\">\n<div class=\"wp-block-button has-custom-font-size is-style-fill\" style=\"font-size:17px\"><a class=\"wp-block-button__link has-background\" href=\"#Formulecoaching\" style=\"border-radius:100px;background-color:#82bb25\">J&rsquo;apprends \u00e0 tisser une complicit\u00e9 avec mon cheval<\/a><\/div>\n<\/div>\n\n\n\n<div style=\"height:50px\" aria-hidden=\"true\" class=\"wp-block-spacer\"><\/div>\n<\/div>\n\n\n\n<div class=\"wp-block-column is-layout-flow wp-block-column-is-layout-flow\">\n<figure class=\"wp-block-image size-full is-style-default\"><img loading=\"lazy\" decoding=\"async\" width=\"500\" height=\"500\" src=\"http:\/\/harasderwydd.com\/wp-content\/uploads\/2022\/02\/Coaching_3.png\" alt=\"\" class=\"wp-image-130\" srcset=\"https:\/\/harasderwydd.com\/wp-content\/uploads\/2022\/02\/Coaching_3.png 500w, https:\/\/harasderwydd.com\/wp-content\/uploads\/2022\/02\/Coaching_3-300x300.png 300w, https:\/\/harasderwydd.com\/wp-content\/uploads\/2022\/02\/Coaching_3-150x150.png 150w\" sizes=\"auto, (max-width: 500px) 100vw, 500px\" \/><\/figure>\n\n\n\n<p class=\"has-text-align-center has-text-color\" style=\"color:#252525;font-size:17px\"><strong>Vous \u00eates stress\u00e9 \u00e0 cheval? <\/strong> <strong>en concours?<\/strong><\/p>\n\n\n\n<div class=\"wp-block-buttons is-layout-flex wp-block-buttons-is-layout-flex\">\n<div class=\"wp-block-button has-custom-font-size is-style-fill\" style=\"font-size:17px\"><a class=\"wp-block-button__link has-background\" href=\"#Formulecoaching\" style=\"background-color:#82bb25\">Je prends plaisir \u00e0 monter et concourir avec mon cheval<\/a><\/div>\n<\/div>\n\n\n\n<div style=\"height:50px\" aria-hidden=\"true\" class=\"wp-block-spacer\"><\/div>\n<\/div>\n\n\n\n<div class=\"wp-block-column is-layout-flow wp-block-column-is-layout-flow\">\n<figure class=\"wp-block-image size-full\"><img loading=\"lazy\" decoding=\"async\" width=\"500\" height=\"500\" src=\"http:\/\/harasderwydd.com\/wp-content\/uploads\/2022\/02\/Coaching_4.png\" alt=\"\" class=\"wp-image-132\" srcset=\"https:\/\/harasderwydd.com\/wp-content\/uploads\/2022\/02\/Coaching_4.png 500w, https:\/\/harasderwydd.com\/wp-content\/uploads\/2022\/02\/Coaching_4-300x300.png 300w, https:\/\/harasderwydd.com\/wp-content\/uploads\/2022\/02\/Coaching_4-150x150.png 150w\" sizes=\"auto, (max-width: 500px) 100vw, 500px\" \/><\/figure>\n\n\n\n<p class=\"has-text-align-center has-text-color\" style=\"color:#252525;font-size:17px\"><strong>Vous \u00eates frustr\u00e9 par le manque  de r\u00e9sultats?<\/strong><\/p>\n\n\n\n<div class=\"wp-block-buttons is-layout-flex wp-block-buttons-is-layout-flex\">\n<div class=\"wp-block-button has-custom-font-size is-style-fill\" style=\"font-size:17px\"><a class=\"wp-block-button__link has-background\" href=\"#Formulecoaching\" style=\"background-color:#82bb25\">J&rsquo;identifie et r\u00e9sous mes blocages pour performer<\/a><\/div>\n<\/div>\n\n\n\n<div style=\"height:50px\" aria-hidden=\"true\" class=\"wp-block-spacer\"><\/div>\n<\/div>\n<\/div>\n\n\n\n<div class=\"wp-block-buttons alignwide is-content-justification-center is-layout-flex wp-container-core-buttons-is-layout-16018d1d wp-block-buttons-is-layout-flex\">\n<div class=\"wp-block-button is-style-fill\"><a class=\"wp-block-button__link has-background\" href=\"www.harasderwydd.com\/Temoignages\" style=\"background-color:#82bb25\">Je d\u00e9couvre les t\u00e9moignages de nos clients<\/a><\/div>\n<\/div>\n\n\n\n<div style=\"height:50px\" aria-hidden=\"true\" class=\"wp-block-spacer\"><\/div>\n\n\n\n<p class=\"has-text-align-center has-text-color has-medium-font-size\" id=\"Formulecoaching\" style=\"color:#82bb25\"><strong>Vous aussi vous avez une motivation en b\u00e9ton pour progresser et vivre vos ambitions avec votre cheval ?<\/strong><\/p>\n\n\n\n<p class=\"has-text-align-center has-medium-font-size\"><strong>Alors, investissez dans votre couple !<\/strong><\/p>\n\n\n\n<p class=\"has-text-align-center\" style=\"font-size:17px\">Une fois que l\u2019on sait, tout parait beaucoup plus simple&#8230;<\/p>\n\n\n\n<p class=\"has-text-align-center\" style=\"font-size:17px\">Je me suis form\u00e9e, j\u2019ai exp\u00e9riment\u00e9 et construit des stages et coaching pour aider chaque cavalier(i\u00e8re) \u00e0 progresser, performer et surtout \u00eatre  heureux \u00e0 cheval!<\/p>\n\n\n\n<div style=\"height:20px\" aria-hidden=\"true\" class=\"wp-block-spacer\"><\/div>\n\n\n\n<div class=\"wp-block-columns is-layout-flex wp-container-core-columns-is-layout-9d6595d7 wp-block-columns-is-layout-flex\">\n<div class=\"wp-block-column has-background is-layout-flow wp-block-column-is-layout-flow\" style=\"background-color:#f7f7f7\">\n<div style=\"height:10px\" aria-hidden=\"true\" class=\"wp-block-spacer\"><\/div>\n\n\n\n<p class=\"has-text-align-center has-medium-font-size\"><strong>Stages<\/strong><\/p>\n\n\n\n<p class=\"has-text-align-center\" style=\"font-size:17px\">3 heures<\/p>\n\n\n\n<p class=\"has-text-align-center\" style=\"font-size:17px\">Groupe de 2 \u00e0 5 cavaliers<\/p>\n\n\n\n<p class=\"has-text-align-center\" style=\"font-size:17px\">Th\u00e9orie\/Pratique\/Echanges<\/p>\n\n\n\n<div class=\"wp-block-buttons is-content-justification-center is-layout-flex wp-container-core-buttons-is-layout-16018d1d wp-block-buttons-is-layout-flex\">\n<div class=\"wp-block-button has-custom-font-size is-style-fill\" style=\"font-size:17px\"><a class=\"wp-block-button__link has-background\" href=\"http:\/\/harasderwydd.com\/index.php\/reserver-ma-place\/\" style=\"background-color:#82bb25\">R\u00e9server<\/a><\/div>\n<\/div>\n<\/div>\n\n\n\n<div class=\"wp-block-column is-layout-flow wp-block-column-is-layout-flow\">\n<div style=\"height:10px\" aria-hidden=\"true\" class=\"wp-block-spacer\"><\/div>\n\n\n\n<p class=\"has-text-align-center has-medium-font-size\"><strong>Diagnostic<\/strong><\/p>\n\n\n\n<p class=\"has-text-align-center\" style=\"font-size:17px\">2 heures<\/p>\n\n\n\n<p class=\"has-text-align-center\" style=\"font-size:17px\">R\u00e9solution d&rsquo;un probl\u00e8me <\/p>\n\n\n\n<p class=\"has-text-align-center\" style=\"font-size:17px\">s\u00e9ance ponctuelle<\/p>\n\n\n\n<div class=\"wp-block-buttons is-content-justification-center is-layout-flex wp-container-core-buttons-is-layout-16018d1d wp-block-buttons-is-layout-flex\">\n<div class=\"wp-block-button has-custom-font-size is-style-fill\" style=\"font-size:17px\"><a class=\"wp-block-button__link has-background\" href=\"http:\/\/harasderwydd.com\/index.php\/reserver-ma-place\/\" style=\"background-color:#82bb25\">R\u00e9server<\/a><\/div>\n<\/div>\n<\/div>\n\n\n\n<div class=\"wp-block-column has-background is-layout-flow wp-block-column-is-layout-flow\" style=\"background-color:#f7f7f7\">\n<div style=\"height:10px\" aria-hidden=\"true\" class=\"wp-block-spacer\"><\/div>\n\n\n\n<p class=\"has-text-align-center has-medium-font-size\"><strong>Coaching<\/strong><\/p>\n\n\n\n<p class=\"has-text-align-center\" style=\"font-size:17px\">1 heure<\/p>\n\n\n\n<p class=\"has-text-align-center\" style=\"font-size:17px\">S\u00e9ances de coaching r\u00e9guli\u00e8res<\/p>\n\n\n\n<p class=\"has-text-align-center\" style=\"font-size:17px\">Individuel ou collectif<\/p>\n\n\n\n<div class=\"wp-block-buttons is-content-justification-center is-layout-flex wp-container-core-buttons-is-layout-16018d1d wp-block-buttons-is-layout-flex\">\n<div class=\"wp-block-button has-custom-font-size is-style-fill\" style=\"font-size:17px\"><a class=\"wp-block-button__link has-background\" href=\"http:\/\/harasderwydd.com\/index.php\/reserver-ma-place\/\" style=\"background-color:#82bb25\">R\u00e9server<\/a><\/div>\n<\/div>\n<\/div>\n<\/div>\n\n\n\n<div style=\"height:20px\" aria-hidden=\"true\" class=\"wp-block-spacer\"><\/div>\n\n\n\n<div class=\"wp-block-columns is-layout-flex wp-container-core-columns-is-layout-9d6595d7 wp-block-columns-is-layout-flex\">\n<div class=\"wp-block-column is-layout-flow wp-block-column-is-layout-flow\">\n<p style=\"font-size:17px\"><strong>Th\u00e8mes des stages<\/strong> :<\/p>\n\n\n\n<p><strong>D\u00e9stabilis\u00e9 par le regard des autres&nbsp;?<\/strong> J\u2019apprends \u00e0 avoir confiance en moi<\/p>\n\n\n\n<p><strong>J\u2019ai peur de tomber&nbsp;?<\/strong> J\u2019apprends \u00e0 tisser une relation avec mon cheval et \u00e9tablir une confiance r\u00e9ciproque<\/p>\n\n\n\n<p><strong>J\u2019ai peur de sauter&nbsp;?<\/strong> J\u2019apprends \u00e0 comprendre, g\u00e9rer mes peurs et prendre plaisir dans ma pratique<\/p>\n\n\n\n<p><strong>Je suis stress\u00e9e en concours&nbsp;? <\/strong>J\u2019apprends \u00e0 comprendre mon stress pour le g\u00e9rer et je laisse place au plaisir et \u00e0 la performance<\/p>\n\n\n\n<p><strong>Je suis frustr\u00e9e par le manque de progression et\/ou de r\u00e9sultats&nbsp;?<\/strong> J\u2019apprends \u00e0 identifier et r\u00e9soudre mes blocages<\/p>\n\n\n\n<p><strong>A cheval comme dans la vie, je me sens anxieux d\u00e8s que je sors de ma zone de confort&nbsp;?<\/strong> J\u2019apprends \u00e0 relever des d\u00e9fis tout en respectant mon rythme<\/p>\n\n\n\n<p>&nbsp;<strong>Le traumatisme d\u2019un accident ou une grosse chute me bloque et g\u00e9n\u00e8re automatiquement de l\u2019angoisse que j\u2019ai du mal \u00e0 contr\u00f4ler&nbsp;?<\/strong> J\u2019apprends \u00e0 comprendre et g\u00e9rer cette angoisse afin de laisser ce traumatisme derri\u00e8re moi et retrouver la s\u00e9r\u00e9nit\u00e9 avec mon cheval<\/p>\n<\/div>\n<\/div>\n\n\n\n<figure class=\"wp-block-image alignfull size-full\"><img loading=\"lazy\" decoding=\"async\" width=\"1024\" height=\"66\" src=\"http:\/\/harasderwydd.com\/wp-content\/uploads\/2022\/02\/Banniere_B_coaching-1.png\" alt=\"\" class=\"wp-image-152\" srcset=\"https:\/\/harasderwydd.com\/wp-content\/uploads\/2022\/02\/Banniere_B_coaching-1.png 1024w, https:\/\/harasderwydd.com\/wp-content\/uploads\/2022\/02\/Banniere_B_coaching-1-300x19.png 300w, https:\/\/harasderwydd.com\/wp-content\/uploads\/2022\/02\/Banniere_B_coaching-1-768x50.png 768w\" sizes=\"auto, (max-width: 1024px) 100vw, 1024px\" \/><\/figure>\n","protected":false},"excerpt":{"rendered":"<p>CONNAISSEZ-VOUS LA PLACE DU MENTAL DANS VOTRE REUSSITE? Savez-vous ce que vous engagez dans la relation avec votre cheval (\u00e9motions, stress, mouvements, raideurs, croyances, \u2026) ? Percevez-vous ce que votre cheval vous communique (demandes, impulsion, tension, inqui\u00e9tude, \u2026)&nbsp;? Quels que<\/p>\n","protected":false},"author":1,"featured_media":0,"parent":0,"menu_order":0,"comment_status":"closed","ping_status":"closed","template":"","meta":{"footnotes":""},"class_list":["post-68","page","type-page","status-publish","hentry"],"_links":{"self":[{"href":"https:\/\/harasderwydd.com\/index.php\/wp-json\/wp\/v2\/pages\/68","targetHints":{"allow":["GET"]}}],"collection":[{"href":"https:\/\/harasderwydd.com\/index.php\/wp-json\/wp\/v2\/pages"}],"about":[{"href":"https:\/\/harasderwydd.com\/index.php\/wp-json\/wp\/v2\/types\/page"}],"author":[{"embeddable":true,"href":"https:\/\/harasderwydd.com\/index.php\/wp-json\/wp\/v2\/users\/1"}],"replies":[{"embeddable":true,"href":"https:\/\/harasderwydd.com\/index.php\/wp-json\/wp\/v2\/comments?post=68"}],"version-history":[{"count":116,"href":"https:\/\/harasderwydd.com\/index.php\/wp-json\/wp\/v2\/pages\/68\/revisions"}],"predecessor-version":[{"id":821,"href":"https:\/\/harasderwydd.com\/index.php\/wp-json\/wp\/v2\/pages\/68\/revisions\/821"}],"wp:attachment":[{"href":"https:\/\/harasderwydd.com\/index.php\/wp-json\/wp\/v2\/media?parent=68"}],"curies":[{"name":"wp","href":"https:\/\/api.w.org\/{rel}","templated":true}]}}